{"id":588,"date":"2023-06-02T10:51:29","date_gmt":"2023-06-02T10:51:29","guid":{"rendered":"https:\/\/ceadeb.org.br\/ceadeb\/?page_id=588"},"modified":"2025-05-28T17:29:14","modified_gmt":"2025-05-28T17:29:14","slug":"conselho-estadual-de-rducacao-e-cultura-religiosa","status":"publish","type":"page","link":"https:\/\/ceadeb.org.br\/ceadeb\/conselho-estadual-de-rducacao-e-cultura-religiosa\/","title":{"rendered":"Conselho Estadual de Educa\u00e7\u00e3o e Cultura Religiosa"},"content":{"rendered":"\t\t<div data-elementor-type=\"wp-page\" data-elementor-id=\"588\" class=\"elementor elementor-588\">\n\t\t\t\t\t\t\t\t\t<section class=\"elementor-section elementor-top-section elementor-element elementor-element-e4d983b elementor-section-full_width elementor-section-height-default elementor-section-height-default\" data-id=\"e4d983b\" data-element_type=\"section\">\n\t\t\t\t\t\t<div class=\"elementor-container elementor-column-gap-default\">\n\t\t\t\t\t<div class=\"elementor-column elementor-col-100 elementor-top-column elementor-element elementor-element-40a3393\" data-id=\"40a3393\" data-element_type=\"column\" data-settings=\"{&quot;background_background&quot;:&quot;gradient&quot;}\">\n\t\t\t<div class=\"elementor-widget-wrap elementor-element-populated\">\n\t\t\t\t\t\t\t\t<div class=\"elementor-element elementor-element-9d53a67 elementor-widget elementor-widget-heading\" data-id=\"9d53a67\" data-element_type=\"widget\" data-widget_type=\"heading.default\">\n\t\t\t\t<div class=\"elementor-widget-container\">\n\t\t\t<style>\/*! elementor - v3.15.0 - 20-08-2023 *\/\n.elementor-heading-title{padding:0;margin:0;line-height:1}.elementor-widget-heading .elementor-heading-title[class*=elementor-size-]>a{color:inherit;font-size:inherit;line-height:inherit}.elementor-widget-heading .elementor-heading-title.elementor-size-small{font-size:15px}.elementor-widget-heading .elementor-heading-title.elementor-size-medium{font-size:19px}.elementor-widget-heading .elementor-heading-title.elementor-size-large{font-size:29px}.elementor-widget-heading .elementor-heading-title.elementor-size-xl{font-size:39px}.elementor-widget-heading .elementor-heading-title.elementor-size-xxl{font-size:59px}<\/style><h2 class=\"elementor-heading-title elementor-size-default\">Conselho Estadual de Educa\u00e7\u00e3o e Cultura Religiosa<\/h2>\t\t<\/div>\n\t\t\t\t<\/div>\n\t\t\t\t\t<\/div>\n\t\t<\/div>\n\t\t\t\t\t\t\t<\/div>\n\t\t<\/section>\n\t\t\t\t<section class=\"elementor-section elementor-top-section elementor-element elementor-element-6880a3b elementor-section-boxed elementor-section-height-default elementor-section-height-default\" data-id=\"6880a3b\" data-element_type=\"section\">\n\t\t\t\t\t\t<div class=\"elementor-container elementor-column-gap-default\">\n\t\t\t\t\t<div class=\"elementor-column elementor-col-100 elementor-top-column elementor-element elementor-element-b737e4d\" data-id=\"b737e4d\" data-element_type=\"column\">\n\t\t\t<div class=\"elementor-widget-wrap elementor-element-populated\">\n\t\t\t\t\t\t\t\t<div class=\"elementor-element elementor-element-e2929a7 elementor-tabs-view-horizontal elementor-widget elementor-widget-tabs\" data-id=\"e2929a7\" data-element_type=\"widget\" data-widget_type=\"tabs.default\">\n\t\t\t\t<div class=\"elementor-widget-container\">\n\t\t\t<style>\/*! elementor - v3.15.0 - 20-08-2023 *\/\n.elementor-widget-tabs.elementor-tabs-view-vertical .elementor-tabs-wrapper{width:25%;flex-shrink:0}.elementor-widget-tabs.elementor-tabs-view-vertical .elementor-tab-desktop-title.elementor-active{border-right-style:none}.elementor-widget-tabs.elementor-tabs-view-vertical .elementor-tab-desktop-title.elementor-active:after,.elementor-widget-tabs.elementor-tabs-view-vertical .elementor-tab-desktop-title.elementor-active:before{height:999em;width:0;right:0;border-right-style:solid}.elementor-widget-tabs.elementor-tabs-view-vertical .elementor-tab-desktop-title.elementor-active:before{top:0;transform:translateY(-100%)}.elementor-widget-tabs.elementor-tabs-view-vertical .elementor-tab-desktop-title.elementor-active:after{top:100%}.elementor-widget-tabs.elementor-tabs-view-horizontal .elementor-tab-desktop-title{display:table-cell}.elementor-widget-tabs.elementor-tabs-view-horizontal .elementor-tab-desktop-title.elementor-active{border-bottom-style:none}.elementor-widget-tabs.elementor-tabs-view-horizontal .elementor-tab-desktop-title.elementor-active:after,.elementor-widget-tabs.elementor-tabs-view-horizontal .elementor-tab-desktop-title.elementor-active:before{bottom:0;height:0;width:999em;border-bottom-style:solid}.elementor-widget-tabs.elementor-tabs-view-horizontal .elementor-tab-desktop-title.elementor-active:before{right:100%}.elementor-widget-tabs.elementor-tabs-view-horizontal .elementor-tab-desktop-title.elementor-active:after{left:100%}.elementor-widget-tabs .elementor-tab-content,.elementor-widget-tabs .elementor-tab-title,.elementor-widget-tabs .elementor-tab-title:after,.elementor-widget-tabs .elementor-tab-title:before,.elementor-widget-tabs .elementor-tabs-content-wrapper{border:1px #d5d8dc}.elementor-widget-tabs .elementor-tabs{text-align:left}.elementor-widget-tabs .elementor-tabs-wrapper{overflow:hidden}.elementor-widget-tabs .elementor-tab-title{cursor:pointer;outline:var(--focus-outline,none)}.elementor-widget-tabs .elementor-tab-desktop-title{position:relative;padding:20px 25px;font-weight:700;line-height:1;border:solid transparent}.elementor-widget-tabs .elementor-tab-desktop-title.elementor-active{border-color:#d5d8dc}.elementor-widget-tabs .elementor-tab-desktop-title.elementor-active:after,.elementor-widget-tabs .elementor-tab-desktop-title.elementor-active:before{display:block;content:\"\";position:absolute}.elementor-widget-tabs .elementor-tab-desktop-title:focus-visible{border:1px solid #000}.elementor-widget-tabs .elementor-tab-mobile-title{padding:10px;cursor:pointer}.elementor-widget-tabs .elementor-tab-content{padding:20px;display:none}@media (max-width:767px){.elementor-tabs .elementor-tab-content,.elementor-tabs .elementor-tab-title{border-style:solid solid none}.elementor-tabs .elementor-tabs-wrapper{display:none}.elementor-tabs .elementor-tabs-content-wrapper{border-bottom-style:solid}.elementor-tabs .elementor-tab-content{padding:10px}}@media (min-width:768px){.elementor-widget-tabs.elementor-tabs-view-vertical .elementor-tabs{display:flex}.elementor-widget-tabs.elementor-tabs-view-vertical .elementor-tabs-wrapper{flex-direction:column}.elementor-widget-tabs.elementor-tabs-view-vertical .elementor-tabs-content-wrapper{flex-grow:1;border-style:solid solid solid none}.elementor-widget-tabs.elementor-tabs-view-horizontal .elementor-tab-content{border-style:none solid solid}.elementor-widget-tabs.elementor-tabs-alignment-center .elementor-tabs-wrapper,.elementor-widget-tabs.elementor-tabs-alignment-end .elementor-tabs-wrapper,.elementor-widget-tabs.elementor-tabs-alignment-stretch .elementor-tabs-wrapper{display:flex}.elementor-widget-tabs.elementor-tabs-alignment-center .elementor-tabs-wrapper{justify-content:center}.elementor-widget-tabs.elementor-tabs-alignment-end .elementor-tabs-wrapper{justify-content:flex-end}.elementor-widget-tabs.elementor-tabs-alignment-stretch.elementor-tabs-view-horizontal .elementor-tab-title{width:100%}.elementor-widget-tabs.elementor-tabs-alignment-stretch.elementor-tabs-view-vertical .elementor-tab-title{height:100%}.elementor-tabs .elementor-tab-mobile-title{display:none}}<\/style>\t\t<div class=\"elementor-tabs\">\n\t\t\t<div class=\"elementor-tabs-wrapper\" role=\"tablist\" >\n\t\t\t\t\t\t\t\t\t<div id=\"elementor-tab-title-2371\" class=\"elementor-tab-title elementor-tab-desktop-title\" aria-selected=\"true\" data-tab=\"1\" role=\"tab\" tabindex=\"0\" aria-controls=\"elementor-tab-content-2371\" aria-expanded=\"false\">Conselho<\/div>\n\t\t\t\t\t\t\t\t\t<div id=\"elementor-tab-title-2372\" class=\"elementor-tab-title elementor-tab-desktop-title\" aria-selected=\"false\" data-tab=\"2\" role=\"tab\" tabindex=\"-1\" aria-controls=\"elementor-tab-content-2372\" aria-expanded=\"false\">Atribui\u00e7\u00f5es<\/div>\n\t\t\t\t\t\t\t<\/div>\n\t\t\t<div class=\"elementor-tabs-content-wrapper\" role=\"tablist\" aria-orientation=\"vertical\">\n\t\t\t\t\t\t\t\t\t<div class=\"elementor-tab-title elementor-tab-mobile-title\" aria-selected=\"true\" data-tab=\"1\" role=\"tab\" tabindex=\"0\" aria-controls=\"elementor-tab-content-2371\" aria-expanded=\"false\">Conselho<\/div>\n\t\t\t\t\t<div id=\"elementor-tab-content-2371\" class=\"elementor-tab-content elementor-clearfix\" data-tab=\"1\" role=\"tabpanel\" aria-labelledby=\"elementor-tab-title-2371\" tabindex=\"0\" hidden=\"false\"><div class=\"row \">\n<div class=\"col-lg-4 col-md-6\">\n<p><!-- Single Feature --><\/p>\n<div class=\"single-feature text-center mt--30\">\n<p><!--<\/p>\n<div class=\"single-feature-foto border-b-one\">\n                                       <span><img decoding=\"async\" class=\"mt--0\" src=\"assets\/images\/icon\/pastor1.png\" alt=\"\"><\/span>\n                                    <\/div>\n<p>--><\/p>\n<div class=\"single-feature-contents mt--20 \">\n<h5>Pr Jos\u00e9 Lima dos Santos<\/h5>\n<p>Presidente<\/p>\n<\/div>\n<\/div>\n<p><!--\/\/ Single Feature --><\/p>\n<\/div>\n<div class=\"col-lg-4 col-md-6\">\n<p><!-- Single Feature --><\/p>\n<div class=\"single-feature text-center mt--30\">\n<p><!--<\/p>\n<div class=\"single-feature-foto border-b-one\">\n                                       <span><img decoding=\"async\" class=\"mt--0\" src=\"assets\/images\/icon\/pastor1.png\" alt=\"\"><\/span>\n                                    <\/div>\n<p>--><\/p>\n<div class=\"single-feature-contents mt--20 \">\n<h5><br>Pr. Celson Lima de Ara\u00fajo<\/h5>\n<p>Tesoureiro<\/p>\n<\/div>\n<\/div>\n<p><!--\/\/ Single Feature --><\/p>\n<\/div>\n<div class=\"col-lg-4 col-md-6\">\n<p><!-- Single Feature --><\/p>\n<div class=\"single-feature text-center mt--30\">\n<p><!--<\/p>\n<div class=\"single-feature-foto border-b-one\">\n                                       <span><img decoding=\"async\" class=\"mt--0\" src=\"assets\/images\/icon\/pastor1.png\" alt=\"\"><\/span>\n                                    <\/div>\n<p>--><\/p>\n<div class=\"single-feature-contents mt--20 \">\n<h5><br><\/h5><h5>Pr. Roosevelt Teixeira da Silva<\/h5>\n<p>Secret\u00e1rio<\/p>\n<\/div>\n<\/div>\n<p><!--\/\/ Single Feature --><\/p>\n<\/div>\n<div class=\"col-lg-4 col-md-6\">\n<p><!-- Single Feature --><\/p>\n<div class=\"single-feature text-center mt--30\">\n<p><!--<\/p>\n<div class=\"single-feature-foto border-b-one\">\n                                       <span><img decoding=\"async\" class=\"mt--0\" src=\"assets\/images\/icon\/pastor1.png\" alt=\"\"><\/span>\n                                    <\/div>\n<p>--><\/p>\n<div class=\"single-feature-contents mt--20 \">\n<h5><br><\/h5><h5>Pr. Herc\u00edlio Vila\u00e7a da Silva<\/h5>\n<p>Relator<\/p>\n<\/div>\n<\/div>\n<p><!--\/\/ Single Feature --><\/p>\n<\/div>\n<div class=\"col-lg-4 col-md-6\">\n<p><!-- Single Feature --><\/p>\n<div class=\"single-feature text-center mt--30\">\n<p><!--<\/p>\n<div class=\"single-feature-foto border-b-one\">\n                                       <span><img decoding=\"async\" class=\"mt--0\" src=\"assets\/images\/icon\/pastor1.png\" alt=\"\"><\/span>\n                                    <\/div>\n<p>--><\/p>\n<div class=\"single-feature-contents mt--20 \">\n<h5><br><\/h5><h5>Pr. Jos\u00e9 de Matos Nascimento<\/h5>\n<p>Membro<\/p>\n<\/div>\n<\/div>\n<p><!--\/\/ Single Feature --><\/p>\n<\/div>\n<div class=\"col-lg-4 col-md-6\">\n<p><!-- Single Feature --><\/p>\n<div class=\"single-feature text-center mt--30\">\n<p><!--<\/p>\n<div class=\"single-feature-foto border-b-one\">\n                                       <span><img decoding=\"async\" class=\"mt--0\" src=\"assets\/images\/icon\/pastor1.png\" alt=\"\"><\/span>\n                                    <\/div>\n<p>--><\/p>\n<div class=\"single-feature-contents mt--20 \">\n<h5><br><\/h5><h5>Pr. Orlando Sodr\u00e9 de Andrade<\/h5>\n<p>Membro<\/p>\n<\/div>\n<\/div>\n<p><!--\/\/ Single Feature --><\/p>\n<\/div>\n<div class=\"col-lg-4 col-md-6\">\n<p><!-- Single Feature --><\/p>\n<div class=\"single-feature text-center mt--30\">\n<p><!--<\/p>\n<div class=\"single-feature-foto border-b-one\">\n                                       <span><img decoding=\"async\" class=\"mt--0\" src=\"assets\/images\/icon\/pastor1.png\" alt=\"\"><\/span>\n                                    <\/div>\n<p>--><\/p>\n<div class=\"single-feature-contents mt--20 \">\n<h5><br><\/h5><h5>Pr. C\u00edcero Jos\u00e9 da Gra\u00e7a Filho<\/h5>\n<p>Membro<\/p>\n<\/div>\n<\/div>\n<p><!--\/\/ Single Feature --><\/p>\n<\/div>\n<div class=\"col-lg-4 col-md-6\">\n<p><!-- Single Feature --><\/p>\n<div class=\"single-feature text-center mt--30\">\n<p><!--<\/p>\n<div class=\"single-feature-foto border-b-one\">\n                                       <span><img decoding=\"async\" class=\"mt--0\" src=\"assets\/images\/icon\/pastor1.png\" alt=\"\"><\/span>\n                                    <\/div>\n<p>--><\/p>\n<div class=\"single-feature-contents mt--20 \">\n<h5><br><\/h5><h5>Pr. Itamir Jos\u00e9 Pereira<\/h5>\n<p>Membro<\/p>\n<\/div>\n<\/div>\n<p><!--\/\/ Single Feature --><\/p>\n<\/div>\n<div class=\"col-lg-4 col-md-6\">\n<p><!-- Single Feature --><\/p>\n<div class=\"single-feature text-center mt--30\">\n<p><!--<\/p>\n<div class=\"single-feature-foto border-b-one\">\n                                       <span><img decoding=\"async\" class=\"mt--0\" src=\"assets\/images\/icon\/pastor1.png\" alt=\"\"><\/span>\n                                    <\/div>\n<p>--><\/p>\n<div class=\"single-feature-contents mt--20 \">\n<h5><br><\/h5><h5>Pr. Jess\u00e9 dos Santos Nunes<\/h5>\n<p>Membro<\/p>\n<\/div>\n<\/div>\n<p><!--\/\/ Single Feature --><\/p>\n<\/div>\n<div class=\"col-lg-4 col-md-6\">\n<p><!-- Single Feature --><\/p>\n<div class=\"single-feature text-center mt--30\">\n<p><!--<\/p>\n<div class=\"single-feature-foto border-b-one\">\n                                       <span><img decoding=\"async\" class=\"mt--0\" src=\"assets\/images\/icon\/pastor1.png\" alt=\"\"><\/span>\n                                    <\/div>\n<p>--><\/p>\n<div class=\"single-feature-contents mt--20 \">\n<h5><br><\/h5><h5>Pr. Gregg Ferreira<\/h5>\n<p>Membro<br><br><\/p>\n<\/div>\n<\/div>\n<p><!--\/\/ Single Feature --><\/p>\n<\/div>\n<\/div><\/div>\n\t\t\t\t\t\t\t\t\t<div class=\"elementor-tab-title elementor-tab-mobile-title\" aria-selected=\"false\" data-tab=\"2\" role=\"tab\" tabindex=\"-1\" aria-controls=\"elementor-tab-content-2372\" aria-expanded=\"false\">Atribui\u00e7\u00f5es<\/div>\n\t\t\t\t\t<div id=\"elementor-tab-content-2372\" class=\"elementor-tab-content elementor-clearfix\" data-tab=\"2\" role=\"tabpanel\" aria-labelledby=\"elementor-tab-title-2372\" tabindex=\"0\" hidden=\"hidden\"><h5>Atribui\u00e7\u00f5es e Compet\u00eancia<\/h5><p>I \u00a0Eleger entre seus membros o presidente, o relator, o secret\u00e1rio e o tesoureiro;<\/p><p>II \u00a0Incentivar o ensino religioso em seus diferentes n\u00edveis inspirados nos princ\u00edpios fundamentais da B\u00edblia e de conformidade com as exig\u00eancias legais;<\/p><p>III\u00a0 \u00a0Promover, Inspirar e despertar o ensino Teol\u00f3gico mediante simp\u00f3sios, semin\u00e1rios e palestras;<\/p><p>IV\u00a0 \u00a0Orientar, mediante os normas do CEECRE da CGADB, na abertura de novas institui\u00e7\u00f5es de ensino Teol\u00f3gico;<\/p><p>V\u00a0 \u00a0Assistir tecnicamente as institui\u00e7\u00f5es filiadas;<\/p><p>\u00a0VI Reconhecer, mediante as normas do CEECRE da CGADB, as institui\u00e7\u00f5es de ensino de teol\u00f3gico e encaminh\u00e1-las ao registro no referido \u00f3rg\u00e3o;<\/p><p>VII\u00a0 \u00a0Examinar os diplomas e certificados acompanhados de hist\u00f3rico e curriculo escolar dos candidatos ao Minist\u00e9rio, em conson\u00e2ncia ao art 6\u00b0.<\/p><p>VIII Desenvolver, atualizar e aplicar cursos de forma\u00e7\u00e3o de obreiros e reciclagem dos ministros.<\/p><p>IX.\u00a0 Prestar nas AGOs, relat\u00f3rio de suas atividades.<\/p><\/div>\n\t\t\t\t\t\t\t<\/div>\n\t\t<\/div>\n\t\t\t\t<\/div>\n\t\t\t\t<\/div>\n\t\t\t\t\t<\/div>\n\t\t<\/div>\n\t\t\t\t\t\t\t<\/div>\n\t\t<\/section>\n\t\t\t\t\t\t\t<\/div>\n\t\t","protected":false},"excerpt":{"rendered":"<p>Conselho Estadual de Educa\u00e7\u00e3o e Cultura Religiosa Conselho Atribui\u00e7\u00f5es Conselho Pr Jos\u00e9 Lima dos Santos Presidente Pr. Celson Lima de Ara\u00fajo Tesoureiro Pr. Roosevelt Teixeira da Silva Secret\u00e1rio Pr. Herc\u00edlio Vila\u00e7a da Silva Relator Pr. Jos\u00e9 de Matos Nascimento Membro Pr. Orlando Sodr\u00e9 de Andrade Membro Pr. C\u00edcero Jos\u00e9 da Gra\u00e7a Filho Membro Pr. Itamir [&hellip;]<\/p>\n","protected":false},"author":1,"featured_media":0,"parent":0,"menu_order":0,"comment_status":"closed","ping_status":"closed","template":"","meta":{"footnotes":""},"class_list":["post-588","page","type-page","status-publish","hentry"],"_links":{"self":[{"href":"https:\/\/ceadeb.org.br\/ceadeb\/wp-json\/wp\/v2\/pages\/588","targetHints":{"allow":["GET"]}}],"collection":[{"href":"https:\/\/ceadeb.org.br\/ceadeb\/wp-json\/wp\/v2\/pages"}],"about":[{"href":"https:\/\/ceadeb.org.br\/ceadeb\/wp-json\/wp\/v2\/types\/page"}],"author":[{"embeddable":true,"href":"https:\/\/ceadeb.org.br\/ceadeb\/wp-json\/wp\/v2\/users\/1"}],"replies":[{"embeddable":true,"href":"https:\/\/ceadeb.org.br\/ceadeb\/wp-json\/wp\/v2\/comments?post=588"}],"version-history":[{"count":26,"href":"https:\/\/ceadeb.org.br\/ceadeb\/wp-json\/wp\/v2\/pages\/588\/revisions"}],"predecessor-version":[{"id":7180,"href":"https:\/\/ceadeb.org.br\/ceadeb\/wp-json\/wp\/v2\/pages\/588\/revisions\/7180"}],"wp:attachment":[{"href":"https:\/\/ceadeb.org.br\/ceadeb\/wp-json\/wp\/v2\/media?parent=588"}],"curies":[{"name":"wp","href":"https:\/\/api.w.org\/{rel}","templated":true}]}}